{"id":967,"date":"2025-11-14T15:51:32","date_gmt":"2025-11-14T15:51:32","guid":{"rendered":"https:\/\/www.coenraadtuinen.nl\/?page_id=967"},"modified":"2026-01-05T17:03:03","modified_gmt":"2026-01-05T17:03:03","slug":"stadstuin-met-rotslandschap","status":"publish","type":"page","link":"https:\/\/www.coenraadtuinen.nl\/index.php\/stadstuin-met-rotslandschap\/","title":{"rendered":"Stadstuin met &#8216;Rotslandschap&#8217;"},"content":{"rendered":"\n<p>Deze stadstuin bij een benedenwoning in de wijk Lombok oogde klein en saai en was niet praktisch in het gebruik. Zo lagen de aanwezige flagstones schots en scheef. Juist die flagstones geven nu sfeer aan de tuin in twee stapelmuren. Een gemetselde rand vangt het hoogteverschil met de nieuwe zitkuil op. Deze elementen zorgen samen met de aanwezige beplanting en vijver voor een fijne sfeervolle ruimte.<\/p>\n\n\n\n<figure class=\"wp-block-gallery has-nested-images columns-default is-cropped wp-block-gallery-1 is-layout-flex wp-block-gallery-is-layout-flex\">\n<figure class=\"wp-block-image size-large\"><a href=\"https:\/\/i0.wp.com\/www.coenraadtuinen.nl\/wp-content\/uploads\/2025\/11\/Coenraad-Tuinen-Stadstuin-met-Berglandschap-13.jpg?ssl=1\"><img data-recalc-dims=\"1\" loading=\"lazy\" decoding=\"async\" width=\"640\" height=\"480\" data-id=\"968\" src=\"https:\/\/i0.wp.com\/www.coenraadtuinen.nl\/wp-content\/uploads\/2025\/11\/Coenraad-Tuinen-Stadstuin-met-Berglandschap-13.jpg?resize=640%2C480&#038;ssl=1\" alt=\"\" class=\"wp-image-968\" srcset=\"https:\/\/i0.wp.com\/www.coenraadtuinen.nl\/wp-content\/uploads\/2025\/11\/Coenraad-Tuinen-Stadstuin-met-Berglandschap-13.jpg?resize=1024%2C768&amp;ssl=1 1024w, https:\/\/i0.wp.com\/www.coenraadtuinen.nl\/wp-content\/uploads\/2025\/11\/Coenraad-Tuinen-Stadstuin-met-Berglandschap-13.jpg?resize=300%2C225&amp;ssl=1 300w, https:\/\/i0.wp.com\/www.coenraadtuinen.nl\/wp-content\/uploads\/2025\/11\/Coenraad-Tuinen-Stadstuin-met-Berglandschap-13.jpg?resize=768%2C576&amp;ssl=1 768w, https:\/\/i0.wp.com\/www.coenraadtuinen.nl\/wp-content\/uploads\/2025\/11\/Coenraad-Tuinen-Stadstuin-met-Berglandschap-13.jpg?w=1280&amp;ssl=1 1280w\" sizes=\"auto, (max-width: 640px) 100vw, 640px\" \/><\/a><figcaption class=\"wp-element-caption\">&#8216;Rotslandschap&#8217; en zitkuil<\/figcaption><\/figure>\n<\/figure>\n\n\n\n<p><\/p>\n\n\n\n<p><strong>Tuinontwerp<\/strong><br>De klanten gaven aan de oude onpraktische tuin niet te gebruiken. Nu ligt er een buitenruimte die uitnodigt en waar je in opgenomen wordt. In de zitkuil heb je net een lager gezichtspunt en word je omringd door groen, water en &#8216;rotsen&#8217;. Overal is wel wat leuks te zien. De stapelmuur is deels ook een zitrand. De aanwezige vijver is in het ontwerp opgenomen en de vlinderstruik en hortensia&#8217;s zijn hergebruikt.<\/p>\n\n\n\n<figure class=\"wp-block-gallery has-nested-images columns-default is-cropped wp-block-gallery-2 is-layout-flex wp-block-gallery-is-layout-flex\">\n<figure class=\"wp-block-image size-large\"><a href=\"https:\/\/i0.wp.com\/www.coenraadtuinen.nl\/wp-content\/uploads\/2025\/11\/Coenraad-Tuinen-Stadstuin-met-Berglandschap-2-scaled.jpg?ssl=1\"><img data-recalc-dims=\"1\" loading=\"lazy\" decoding=\"async\" width=\"640\" height=\"480\" data-id=\"995\" src=\"https:\/\/i0.wp.com\/www.coenraadtuinen.nl\/wp-content\/uploads\/2025\/11\/Coenraad-Tuinen-Stadstuin-met-Berglandschap-2.jpg?resize=640%2C480&#038;ssl=1\" alt=\"\" class=\"wp-image-995\" srcset=\"https:\/\/i0.wp.com\/www.coenraadtuinen.nl\/wp-content\/uploads\/2025\/11\/Coenraad-Tuinen-Stadstuin-met-Berglandschap-2-scaled.jpg?resize=1024%2C768&amp;ssl=1 1024w, https:\/\/i0.wp.com\/www.coenraadtuinen.nl\/wp-content\/uploads\/2025\/11\/Coenraad-Tuinen-Stadstuin-met-Berglandschap-2-scaled.jpg?resize=300%2C225&amp;ssl=1 300w, https:\/\/i0.wp.com\/www.coenraadtuinen.nl\/wp-content\/uploads\/2025\/11\/Coenraad-Tuinen-Stadstuin-met-Berglandschap-2-scaled.jpg?resize=768%2C576&amp;ssl=1 768w, https:\/\/i0.wp.com\/www.coenraadtuinen.nl\/wp-content\/uploads\/2025\/11\/Coenraad-Tuinen-Stadstuin-met-Berglandschap-2-scaled.jpg?resize=1536%2C1152&amp;ssl=1 1536w, https:\/\/i0.wp.com\/www.coenraadtuinen.nl\/wp-content\/uploads\/2025\/11\/Coenraad-Tuinen-Stadstuin-met-Berglandschap-2-scaled.jpg?resize=2048%2C1536&amp;ssl=1 2048w, https:\/\/i0.wp.com\/www.coenraadtuinen.nl\/wp-content\/uploads\/2025\/11\/Coenraad-Tuinen-Stadstuin-met-Berglandschap-2-scaled.jpg?w=1280&amp;ssl=1 1280w, https:\/\/i0.wp.com\/www.coenraadtuinen.nl\/wp-content\/uploads\/2025\/11\/Coenraad-Tuinen-Stadstuin-met-Berglandschap-2-scaled.jpg?w=1920&amp;ssl=1 1920w\" sizes=\"auto, (max-width: 640px) 100vw, 640px\" \/><\/a><figcaption class=\"wp-element-caption\">Tuinontwerp schaal 1:25<\/figcaption><\/figure>\n\n\n\n<figure class=\"wp-block-image size-large\"><a href=\"https:\/\/i0.wp.com\/www.coenraadtuinen.nl\/wp-content\/uploads\/2025\/11\/Coenraad-Tuinen-Stadstuin-met-Berglandschap-16.jpg?ssl=1\"><img data-recalc-dims=\"1\" loading=\"lazy\" decoding=\"async\" width=\"640\" height=\"480\" data-id=\"970\" src=\"https:\/\/i0.wp.com\/www.coenraadtuinen.nl\/wp-content\/uploads\/2025\/11\/Coenraad-Tuinen-Stadstuin-met-Berglandschap-16.jpg?resize=640%2C480&#038;ssl=1\" alt=\"\" class=\"wp-image-970\" srcset=\"https:\/\/i0.wp.com\/www.coenraadtuinen.nl\/wp-content\/uploads\/2025\/11\/Coenraad-Tuinen-Stadstuin-met-Berglandschap-16.jpg?resize=1024%2C768&amp;ssl=1 1024w, https:\/\/i0.wp.com\/www.coenraadtuinen.nl\/wp-content\/uploads\/2025\/11\/Coenraad-Tuinen-Stadstuin-met-Berglandschap-16.jpg?resize=300%2C225&amp;ssl=1 300w, https:\/\/i0.wp.com\/www.coenraadtuinen.nl\/wp-content\/uploads\/2025\/11\/Coenraad-Tuinen-Stadstuin-met-Berglandschap-16.jpg?resize=768%2C576&amp;ssl=1 768w, https:\/\/i0.wp.com\/www.coenraadtuinen.nl\/wp-content\/uploads\/2025\/11\/Coenraad-Tuinen-Stadstuin-met-Berglandschap-16.jpg?resize=1536%2C1152&amp;ssl=1 1536w, https:\/\/i0.wp.com\/www.coenraadtuinen.nl\/wp-content\/uploads\/2025\/11\/Coenraad-Tuinen-Stadstuin-met-Berglandschap-16.jpg?w=1600&amp;ssl=1 1600w, https:\/\/i0.wp.com\/www.coenraadtuinen.nl\/wp-content\/uploads\/2025\/11\/Coenraad-Tuinen-Stadstuin-met-Berglandschap-16.jpg?w=1280&amp;ssl=1 1280w\" sizes=\"auto, (max-width: 640px) 100vw, 640px\" \/><\/a><figcaption class=\"wp-element-caption\">Zicht vanuit de keuken<\/figcaption><\/figure>\n<\/figure>\n\n\n\n<p><br><strong>Tuinaanleg en oplevering<\/strong><br>Deze klus was wat betreft de inrichting erg overzichtelijk met alleen bestrating, beplanting en een stapelmuur. Toch is het een mooi gevarieerd geheel geworden. De uitdaging zat hem in het stapelen van behoorlijk onregelmatige flagstones en het maken van een lange gemetselde rand van tweedehands keiformaat klinkers. Deze klinkers zijn ook gebruikt voor de bestrating. In de zitkuil ligt Aquado halfverharding.<\/p>\n\n\n\n<figure class=\"wp-block-gallery has-nested-images columns-default is-cropped wp-block-gallery-3 is-layout-flex wp-block-gallery-is-layout-flex\">\n<figure class=\"wp-block-image size-large\"><a href=\"https:\/\/i0.wp.com\/www.coenraadtuinen.nl\/wp-content\/uploads\/2025\/11\/Coenraad-Tuinen-Stadstuin-met-Berglandschap-1.jpg?ssl=1\"><img data-recalc-dims=\"1\" loading=\"lazy\" decoding=\"async\" width=\"640\" height=\"480\" data-id=\"972\" src=\"https:\/\/i0.wp.com\/www.coenraadtuinen.nl\/wp-content\/uploads\/2025\/11\/Coenraad-Tuinen-Stadstuin-met-Berglandschap-1.jpg?resize=640%2C480&#038;ssl=1\" alt=\"\" class=\"wp-image-972\" srcset=\"https:\/\/i0.wp.com\/www.coenraadtuinen.nl\/wp-content\/uploads\/2025\/11\/Coenraad-Tuinen-Stadstuin-met-Berglandschap-1.jpg?resize=1024%2C768&amp;ssl=1 1024w, https:\/\/i0.wp.com\/www.coenraadtuinen.nl\/wp-content\/uploads\/2025\/11\/Coenraad-Tuinen-Stadstuin-met-Berglandschap-1.jpg?resize=300%2C225&amp;ssl=1 300w, https:\/\/i0.wp.com\/www.coenraadtuinen.nl\/wp-content\/uploads\/2025\/11\/Coenraad-Tuinen-Stadstuin-met-Berglandschap-1.jpg?resize=768%2C576&amp;ssl=1 768w, https:\/\/i0.wp.com\/www.coenraadtuinen.nl\/wp-content\/uploads\/2025\/11\/Coenraad-Tuinen-Stadstuin-met-Berglandschap-1.jpg?resize=1536%2C1152&amp;ssl=1 1536w, https:\/\/i0.wp.com\/www.coenraadtuinen.nl\/wp-content\/uploads\/2025\/11\/Coenraad-Tuinen-Stadstuin-met-Berglandschap-1.jpg?w=1613&amp;ssl=1 1613w, https:\/\/i0.wp.com\/www.coenraadtuinen.nl\/wp-content\/uploads\/2025\/11\/Coenraad-Tuinen-Stadstuin-met-Berglandschap-1.jpg?w=1280&amp;ssl=1 1280w\" sizes=\"auto, (max-width: 640px) 100vw, 640px\" \/><\/a><figcaption class=\"wp-element-caption\">Tijdens het inmeten<\/figcaption><\/figure>\n\n\n\n<figure class=\"wp-block-image size-large\"><a href=\"https:\/\/i0.wp.com\/www.coenraadtuinen.nl\/wp-content\/uploads\/2025\/11\/Coenraad-Tuinen-Stadstuin-met-Berglandschap-3.jpg?ssl=1\"><img data-recalc-dims=\"1\" loading=\"lazy\" decoding=\"async\" width=\"640\" height=\"480\" data-id=\"973\" src=\"https:\/\/i0.wp.com\/www.coenraadtuinen.nl\/wp-content\/uploads\/2025\/11\/Coenraad-Tuinen-Stadstuin-met-Berglandschap-3.jpg?resize=640%2C480&#038;ssl=1\" alt=\"\" class=\"wp-image-973\" srcset=\"https:\/\/i0.wp.com\/www.coenraadtuinen.nl\/wp-content\/uploads\/2025\/11\/Coenraad-Tuinen-Stadstuin-met-Berglandschap-3.jpg?resize=1024%2C768&amp;ssl=1 1024w, https:\/\/i0.wp.com\/www.coenraadtuinen.nl\/wp-content\/uploads\/2025\/11\/Coenraad-Tuinen-Stadstuin-met-Berglandschap-3.jpg?resize=300%2C225&amp;ssl=1 300w, https:\/\/i0.wp.com\/www.coenraadtuinen.nl\/wp-content\/uploads\/2025\/11\/Coenraad-Tuinen-Stadstuin-met-Berglandschap-3.jpg?resize=768%2C576&amp;ssl=1 768w, https:\/\/i0.wp.com\/www.coenraadtuinen.nl\/wp-content\/uploads\/2025\/11\/Coenraad-Tuinen-Stadstuin-met-Berglandschap-3.jpg?w=1400&amp;ssl=1 1400w, https:\/\/i0.wp.com\/www.coenraadtuinen.nl\/wp-content\/uploads\/2025\/11\/Coenraad-Tuinen-Stadstuin-met-Berglandschap-3.jpg?w=1280&amp;ssl=1 1280w\" sizes=\"auto, (max-width: 640px) 100vw, 640px\" \/><\/a><figcaption class=\"wp-element-caption\">Basis van de stapelmuur<\/figcaption><\/figure>\n\n\n\n<figure class=\"wp-block-image size-large\"><a href=\"https:\/\/i0.wp.com\/www.coenraadtuinen.nl\/wp-content\/uploads\/2025\/11\/Coenraad-Tuinen-Stadstuin-met-Berglandschap-4.jpg?ssl=1\"><img data-recalc-dims=\"1\" loading=\"lazy\" decoding=\"async\" width=\"640\" height=\"480\" data-id=\"974\" src=\"https:\/\/i0.wp.com\/www.coenraadtuinen.nl\/wp-content\/uploads\/2025\/11\/Coenraad-Tuinen-Stadstuin-met-Berglandschap-4.jpg?resize=640%2C480&#038;ssl=1\" alt=\"\" class=\"wp-image-974\" srcset=\"https:\/\/i0.wp.com\/www.coenraadtuinen.nl\/wp-content\/uploads\/2025\/11\/Coenraad-Tuinen-Stadstuin-met-Berglandschap-4.jpg?resize=1024%2C768&amp;ssl=1 1024w, https:\/\/i0.wp.com\/www.coenraadtuinen.nl\/wp-content\/uploads\/2025\/11\/Coenraad-Tuinen-Stadstuin-met-Berglandschap-4.jpg?resize=300%2C225&amp;ssl=1 300w, https:\/\/i0.wp.com\/www.coenraadtuinen.nl\/wp-content\/uploads\/2025\/11\/Coenraad-Tuinen-Stadstuin-met-Berglandschap-4.jpg?resize=768%2C576&amp;ssl=1 768w, https:\/\/i0.wp.com\/www.coenraadtuinen.nl\/wp-content\/uploads\/2025\/11\/Coenraad-Tuinen-Stadstuin-met-Berglandschap-4.jpg?w=1400&amp;ssl=1 1400w, https:\/\/i0.wp.com\/www.coenraadtuinen.nl\/wp-content\/uploads\/2025\/11\/Coenraad-Tuinen-Stadstuin-met-Berglandschap-4.jpg?w=1280&amp;ssl=1 1280w\" sizes=\"auto, (max-width: 640px) 100vw, 640px\" \/><\/a><figcaption class=\"wp-element-caption\">Metselwerk<\/figcaption><\/figure>\n\n\n\n<figure class=\"wp-block-image size-large\"><a href=\"https:\/\/i0.wp.com\/www.coenraadtuinen.nl\/wp-content\/uploads\/2025\/11\/Coenraad-Tuinen-Stadstuin-met-Berglandschap-5.jpg?ssl=1\"><img data-recalc-dims=\"1\" loading=\"lazy\" decoding=\"async\" width=\"640\" height=\"480\" data-id=\"975\" src=\"https:\/\/i0.wp.com\/www.coenraadtuinen.nl\/wp-content\/uploads\/2025\/11\/Coenraad-Tuinen-Stadstuin-met-Berglandschap-5.jpg?resize=640%2C480&#038;ssl=1\" alt=\"\" class=\"wp-image-975\" srcset=\"https:\/\/i0.wp.com\/www.coenraadtuinen.nl\/wp-content\/uploads\/2025\/11\/Coenraad-Tuinen-Stadstuin-met-Berglandschap-5.jpg?resize=1024%2C768&amp;ssl=1 1024w, https:\/\/i0.wp.com\/www.coenraadtuinen.nl\/wp-content\/uploads\/2025\/11\/Coenraad-Tuinen-Stadstuin-met-Berglandschap-5.jpg?resize=300%2C225&amp;ssl=1 300w, https:\/\/i0.wp.com\/www.coenraadtuinen.nl\/wp-content\/uploads\/2025\/11\/Coenraad-Tuinen-Stadstuin-met-Berglandschap-5.jpg?resize=768%2C576&amp;ssl=1 768w, https:\/\/i0.wp.com\/www.coenraadtuinen.nl\/wp-content\/uploads\/2025\/11\/Coenraad-Tuinen-Stadstuin-met-Berglandschap-5.jpg?w=1400&amp;ssl=1 1400w, https:\/\/i0.wp.com\/www.coenraadtuinen.nl\/wp-content\/uploads\/2025\/11\/Coenraad-Tuinen-Stadstuin-met-Berglandschap-5.jpg?w=1280&amp;ssl=1 1280w\" sizes=\"auto, (max-width: 640px) 100vw, 640px\" \/><\/a><figcaption class=\"wp-element-caption\">Zandbed voor de bestrating<\/figcaption><\/figure>\n\n\n\n<figure class=\"wp-block-image size-large\"><a href=\"https:\/\/i0.wp.com\/www.coenraadtuinen.nl\/wp-content\/uploads\/2025\/11\/Coenraad-Tuinen-Stadstuin-met-Berglandschap-6-edited.jpg?ssl=1\"><img data-recalc-dims=\"1\" loading=\"lazy\" decoding=\"async\" width=\"640\" height=\"480\" data-id=\"977\" src=\"https:\/\/i0.wp.com\/www.coenraadtuinen.nl\/wp-content\/uploads\/2025\/11\/Coenraad-Tuinen-Stadstuin-met-Berglandschap-6-edited.jpg?resize=640%2C480&#038;ssl=1\" alt=\"\" class=\"wp-image-977\" srcset=\"https:\/\/i0.wp.com\/www.coenraadtuinen.nl\/wp-content\/uploads\/2025\/11\/Coenraad-Tuinen-Stadstuin-met-Berglandschap-6-edited.jpg?w=894&amp;ssl=1 894w, https:\/\/i0.wp.com\/www.coenraadtuinen.nl\/wp-content\/uploads\/2025\/11\/Coenraad-Tuinen-Stadstuin-met-Berglandschap-6-edited.jpg?resize=300%2C225&amp;ssl=1 300w, https:\/\/i0.wp.com\/www.coenraadtuinen.nl\/wp-content\/uploads\/2025\/11\/Coenraad-Tuinen-Stadstuin-met-Berglandschap-6-edited.jpg?resize=768%2C576&amp;ssl=1 768w\" sizes=\"auto, (max-width: 640px) 100vw, 640px\" \/><\/a><figcaption class=\"wp-element-caption\">Planten poten<\/figcaption><\/figure>\n\n\n\n<figure class=\"wp-block-image size-large\"><a href=\"https:\/\/i0.wp.com\/www.coenraadtuinen.nl\/wp-content\/uploads\/2025\/11\/Coenraad-Tuinen-Stadstuin-met-Berglandschap-7.jpg?ssl=1\"><img data-recalc-dims=\"1\" loading=\"lazy\" decoding=\"async\" width=\"640\" height=\"480\" data-id=\"978\" src=\"https:\/\/i0.wp.com\/www.coenraadtuinen.nl\/wp-content\/uploads\/2025\/11\/Coenraad-Tuinen-Stadstuin-met-Berglandschap-7.jpg?resize=640%2C480&#038;ssl=1\" alt=\"\" class=\"wp-image-978\" srcset=\"https:\/\/i0.wp.com\/www.coenraadtuinen.nl\/wp-content\/uploads\/2025\/11\/Coenraad-Tuinen-Stadstuin-met-Berglandschap-7.jpg?resize=1024%2C768&amp;ssl=1 1024w, https:\/\/i0.wp.com\/www.coenraadtuinen.nl\/wp-content\/uploads\/2025\/11\/Coenraad-Tuinen-Stadstuin-met-Berglandschap-7.jpg?resize=300%2C225&amp;ssl=1 300w, https:\/\/i0.wp.com\/www.coenraadtuinen.nl\/wp-content\/uploads\/2025\/11\/Coenraad-Tuinen-Stadstuin-met-Berglandschap-7.jpg?resize=768%2C576&amp;ssl=1 768w, https:\/\/i0.wp.com\/www.coenraadtuinen.nl\/wp-content\/uploads\/2025\/11\/Coenraad-Tuinen-Stadstuin-met-Berglandschap-7.jpg?w=1400&amp;ssl=1 1400w, https:\/\/i0.wp.com\/www.coenraadtuinen.nl\/wp-content\/uploads\/2025\/11\/Coenraad-Tuinen-Stadstuin-met-Berglandschap-7.jpg?w=1280&amp;ssl=1 1280w\" sizes=\"auto, (max-width: 640px) 100vw, 640px\" \/><\/a><figcaption class=\"wp-element-caption\">Knipwerk langs ronde randen<\/figcaption><\/figure>\n\n\n\n<figure class=\"wp-block-image size-large\"><a href=\"https:\/\/i0.wp.com\/www.coenraadtuinen.nl\/wp-content\/uploads\/2025\/11\/Coenraad-Tuinen-Stadstuin-met-Berglandschap-17.jpg?ssl=1\"><img data-recalc-dims=\"1\" loading=\"lazy\" decoding=\"async\" width=\"640\" height=\"482\" data-id=\"979\" src=\"https:\/\/i0.wp.com\/www.coenraadtuinen.nl\/wp-content\/uploads\/2025\/11\/Coenraad-Tuinen-Stadstuin-met-Berglandschap-17.jpg?resize=640%2C482&#038;ssl=1\" alt=\"\" class=\"wp-image-979\" srcset=\"https:\/\/i0.wp.com\/www.coenraadtuinen.nl\/wp-content\/uploads\/2025\/11\/Coenraad-Tuinen-Stadstuin-met-Berglandschap-17.jpg?resize=1024%2C771&amp;ssl=1 1024w, https:\/\/i0.wp.com\/www.coenraadtuinen.nl\/wp-content\/uploads\/2025\/11\/Coenraad-Tuinen-Stadstuin-met-Berglandschap-17.jpg?resize=300%2C226&amp;ssl=1 300w, https:\/\/i0.wp.com\/www.coenraadtuinen.nl\/wp-content\/uploads\/2025\/11\/Coenraad-Tuinen-Stadstuin-met-Berglandschap-17.jpg?resize=768%2C578&amp;ssl=1 768w, https:\/\/i0.wp.com\/www.coenraadtuinen.nl\/wp-content\/uploads\/2025\/11\/Coenraad-Tuinen-Stadstuin-met-Berglandschap-17.jpg?resize=1536%2C1156&amp;ssl=1 1536w, https:\/\/i0.wp.com\/www.coenraadtuinen.nl\/wp-content\/uploads\/2025\/11\/Coenraad-Tuinen-Stadstuin-met-Berglandschap-17.jpg?w=1963&amp;ssl=1 1963w, https:\/\/i0.wp.com\/www.coenraadtuinen.nl\/wp-content\/uploads\/2025\/11\/Coenraad-Tuinen-Stadstuin-met-Berglandschap-17.jpg?w=1280&amp;ssl=1 1280w\" sizes=\"auto, (max-width: 640px) 100vw, 640px\" \/><\/a><figcaption class=\"wp-element-caption\">Zicht op de woning<\/figcaption><\/figure>\n\n\n\n<figure class=\"wp-block-image size-large\"><a href=\"https:\/\/i0.wp.com\/www.coenraadtuinen.nl\/wp-content\/uploads\/2025\/11\/Coenraad-Tuinen-Stadstuin-met-Berglandschap-8.jpg?ssl=1\"><img data-recalc-dims=\"1\" loading=\"lazy\" decoding=\"async\" width=\"640\" height=\"480\" data-id=\"980\" src=\"https:\/\/i0.wp.com\/www.coenraadtuinen.nl\/wp-content\/uploads\/2025\/11\/Coenraad-Tuinen-Stadstuin-met-Berglandschap-8.jpg?resize=640%2C480&#038;ssl=1\" alt=\"\" class=\"wp-image-980\" srcset=\"https:\/\/i0.wp.com\/www.coenraadtuinen.nl\/wp-content\/uploads\/2025\/11\/Coenraad-Tuinen-Stadstuin-met-Berglandschap-8.jpg?resize=1024%2C768&amp;ssl=1 1024w, https:\/\/i0.wp.com\/www.coenraadtuinen.nl\/wp-content\/uploads\/2025\/11\/Coenraad-Tuinen-Stadstuin-met-Berglandschap-8.jpg?resize=300%2C225&amp;ssl=1 300w, https:\/\/i0.wp.com\/www.coenraadtuinen.nl\/wp-content\/uploads\/2025\/11\/Coenraad-Tuinen-Stadstuin-met-Berglandschap-8.jpg?resize=768%2C576&amp;ssl=1 768w, https:\/\/i0.wp.com\/www.coenraadtuinen.nl\/wp-content\/uploads\/2025\/11\/Coenraad-Tuinen-Stadstuin-met-Berglandschap-8.jpg?resize=1536%2C1152&amp;ssl=1 1536w, https:\/\/i0.wp.com\/www.coenraadtuinen.nl\/wp-content\/uploads\/2025\/11\/Coenraad-Tuinen-Stadstuin-met-Berglandschap-8.jpg?w=1800&amp;ssl=1 1800w, https:\/\/i0.wp.com\/www.coenraadtuinen.nl\/wp-content\/uploads\/2025\/11\/Coenraad-Tuinen-Stadstuin-met-Berglandschap-8.jpg?w=1280&amp;ssl=1 1280w\" sizes=\"auto, (max-width: 640px) 100vw, 640px\" \/><\/a><figcaption class=\"wp-element-caption\">Zitrand met Engels gras<\/figcaption><\/figure>\n<\/figure>\n\n\n\n<p><br><strong>Twee maanden na de aanleg<\/strong><br>Met de warmte en de nodige regen zijn de planten al flink gegroeid.<\/p>\n\n\n\n<figure class=\"wp-block-gallery has-nested-images columns-default is-cropped wp-block-gallery-4 is-layout-flex wp-block-gallery-is-layout-flex\">\n<figure class=\"wp-block-image size-large\"><a href=\"https:\/\/i0.wp.com\/www.coenraadtuinen.nl\/wp-content\/uploads\/2025\/11\/Coenraad-Tuinen-Stadstuin-met-Berglandschap-11-edited.jpg?ssl=1\"><img data-recalc-dims=\"1\" loading=\"lazy\" decoding=\"async\" width=\"640\" height=\"480\" data-id=\"986\" src=\"https:\/\/i0.wp.com\/www.coenraadtuinen.nl\/wp-content\/uploads\/2025\/11\/Coenraad-Tuinen-Stadstuin-met-Berglandschap-11-edited.jpg?resize=640%2C480&#038;ssl=1\" alt=\"\" class=\"wp-image-986\" srcset=\"https:\/\/i0.wp.com\/www.coenraadtuinen.nl\/wp-content\/uploads\/2025\/11\/Coenraad-Tuinen-Stadstuin-met-Berglandschap-11-edited.jpg?w=913&amp;ssl=1 913w, https:\/\/i0.wp.com\/www.coenraadtuinen.nl\/wp-content\/uploads\/2025\/11\/Coenraad-Tuinen-Stadstuin-met-Berglandschap-11-edited.jpg?resize=300%2C225&amp;ssl=1 300w, https:\/\/i0.wp.com\/www.coenraadtuinen.nl\/wp-content\/uploads\/2025\/11\/Coenraad-Tuinen-Stadstuin-met-Berglandschap-11-edited.jpg?resize=768%2C576&amp;ssl=1 768w\" sizes=\"auto, (max-width: 640px) 100vw, 640px\" \/><\/a><figcaption class=\"wp-element-caption\">Groen rotslandschap<\/figcaption><\/figure>\n\n\n\n<figure class=\"wp-block-image size-large\"><a href=\"https:\/\/i0.wp.com\/www.coenraadtuinen.nl\/wp-content\/uploads\/2025\/11\/Coenraad-Tuinen-Stadstuin-met-Berglandschap-12.jpg?ssl=1\"><img data-recalc-dims=\"1\" loading=\"lazy\" decoding=\"async\" width=\"640\" height=\"480\" data-id=\"985\" src=\"https:\/\/i0.wp.com\/www.coenraadtuinen.nl\/wp-content\/uploads\/2025\/11\/Coenraad-Tuinen-Stadstuin-met-Berglandschap-12.jpg?resize=640%2C480&#038;ssl=1\" alt=\"\" class=\"wp-image-985\" srcset=\"https:\/\/i0.wp.com\/www.coenraadtuinen.nl\/wp-content\/uploads\/2025\/11\/Coenraad-Tuinen-Stadstuin-met-Berglandschap-12.jpg?resize=1024%2C768&amp;ssl=1 1024w, https:\/\/i0.wp.com\/www.coenraadtuinen.nl\/wp-content\/uploads\/2025\/11\/Coenraad-Tuinen-Stadstuin-met-Berglandschap-12.jpg?resize=300%2C225&amp;ssl=1 300w, https:\/\/i0.wp.com\/www.coenraadtuinen.nl\/wp-content\/uploads\/2025\/11\/Coenraad-Tuinen-Stadstuin-met-Berglandschap-12.jpg?resize=768%2C576&amp;ssl=1 768w, https:\/\/i0.wp.com\/www.coenraadtuinen.nl\/wp-content\/uploads\/2025\/11\/Coenraad-Tuinen-Stadstuin-met-Berglandschap-12.jpg?w=1400&amp;ssl=1 1400w, https:\/\/i0.wp.com\/www.coenraadtuinen.nl\/wp-content\/uploads\/2025\/11\/Coenraad-Tuinen-Stadstuin-met-Berglandschap-12.jpg?w=1280&amp;ssl=1 1280w\" sizes=\"auto, (max-width: 640px) 100vw, 640px\" \/><\/a><figcaption class=\"wp-element-caption\">Fijnstraal op de muur<\/figcaption><\/figure>\n\n\n\n<figure class=\"wp-block-image size-large\"><a href=\"https:\/\/i0.wp.com\/www.coenraadtuinen.nl\/wp-content\/uploads\/2025\/11\/Coenraad-Tuinen-Stadstuin-met-Berglandschap-14.jpg?ssl=1\"><img data-recalc-dims=\"1\" loading=\"lazy\" decoding=\"async\" width=\"640\" height=\"480\" data-id=\"981\" src=\"https:\/\/i0.wp.com\/www.coenraadtuinen.nl\/wp-content\/uploads\/2025\/11\/Coenraad-Tuinen-Stadstuin-met-Berglandschap-14.jpg?resize=640%2C480&#038;ssl=1\" alt=\"\" class=\"wp-image-981\" srcset=\"https:\/\/i0.wp.com\/www.coenraadtuinen.nl\/wp-content\/uploads\/2025\/11\/Coenraad-Tuinen-Stadstuin-met-Berglandschap-14.jpg?resize=1024%2C768&amp;ssl=1 1024w, https:\/\/i0.wp.com\/www.coenraadtuinen.nl\/wp-content\/uploads\/2025\/11\/Coenraad-Tuinen-Stadstuin-met-Berglandschap-14.jpg?resize=300%2C225&amp;ssl=1 300w, https:\/\/i0.wp.com\/www.coenraadtuinen.nl\/wp-content\/uploads\/2025\/11\/Coenraad-Tuinen-Stadstuin-met-Berglandschap-14.jpg?resize=768%2C576&amp;ssl=1 768w, https:\/\/i0.wp.com\/www.coenraadtuinen.nl\/wp-content\/uploads\/2025\/11\/Coenraad-Tuinen-Stadstuin-met-Berglandschap-14.jpg?w=1400&amp;ssl=1 1400w, https:\/\/i0.wp.com\/www.coenraadtuinen.nl\/wp-content\/uploads\/2025\/11\/Coenraad-Tuinen-Stadstuin-met-Berglandschap-14.jpg?w=1280&amp;ssl=1 1280w\" sizes=\"auto, (max-width: 640px) 100vw, 640px\" \/><\/a><figcaption class=\"wp-element-caption\">Bestaande vijver ingepast<\/figcaption><\/figure>\n\n\n\n<figure class=\"wp-block-image size-large\"><a href=\"https:\/\/i0.wp.com\/www.coenraadtuinen.nl\/wp-content\/uploads\/2025\/11\/Coenraad-Tuinen-Stadstuin-met-Berglandschap-9.jpg?ssl=1\"><img data-recalc-dims=\"1\" loading=\"lazy\" decoding=\"async\" width=\"640\" height=\"480\" data-id=\"982\" src=\"https:\/\/i0.wp.com\/www.coenraadtuinen.nl\/wp-content\/uploads\/2025\/11\/Coenraad-Tuinen-Stadstuin-met-Berglandschap-9.jpg?resize=640%2C480&#038;ssl=1\" alt=\"\" class=\"wp-image-982\" srcset=\"https:\/\/i0.wp.com\/www.coenraadtuinen.nl\/wp-content\/uploads\/2025\/11\/Coenraad-Tuinen-Stadstuin-met-Berglandschap-9.jpg?resize=1024%2C768&amp;ssl=1 1024w, https:\/\/i0.wp.com\/www.coenraadtuinen.nl\/wp-content\/uploads\/2025\/11\/Coenraad-Tuinen-Stadstuin-met-Berglandschap-9.jpg?resize=300%2C225&amp;ssl=1 300w, https:\/\/i0.wp.com\/www.coenraadtuinen.nl\/wp-content\/uploads\/2025\/11\/Coenraad-Tuinen-Stadstuin-met-Berglandschap-9.jpg?resize=768%2C576&amp;ssl=1 768w, https:\/\/i0.wp.com\/www.coenraadtuinen.nl\/wp-content\/uploads\/2025\/11\/Coenraad-Tuinen-Stadstuin-met-Berglandschap-9.jpg?w=1400&amp;ssl=1 1400w, https:\/\/i0.wp.com\/www.coenraadtuinen.nl\/wp-content\/uploads\/2025\/11\/Coenraad-Tuinen-Stadstuin-met-Berglandschap-9.jpg?w=1280&amp;ssl=1 1280w\" sizes=\"auto, (max-width: 640px) 100vw, 640px\" \/><\/a><figcaption class=\"wp-element-caption\">Droog zitten onder het overstek<\/figcaption><\/figure>\n<\/figure>\n\n\n\n<p><\/p>\n\n\n\n<p><strong>Reactie van de klant:<\/strong><br><em>&#8220;Na jarenlang een verwaarloosde tuin te hebben, was het voor ons toch echt tijd om hier iets aan te doen. We zijn bij Coenraad uitgekomen en wat zijn wij daar blij mee! In het eerste gesprek dacht Micha\u00ebl heel goed mee en nam onze wensen perfect mee in het design. Nadat het ontwerp gemaakt was, is Micha\u00ebl aan de slag gegaan. Tijdens de aanleg kwamen er hier en daar wat kleine uitdagingen bij. Micha\u00ebl heeft het allemaal heel netjes opgelost. Het hele proces voelde heel vertrouwd en fijn. En het resultaat is fantastisch!&#8221;<\/em><\/p>\n\n\n\n<p><\/p>\n","protected":false},"excerpt":{"rendered":"<p>Deze stadstuin bij een benedenwoning in de wijk Lombok oogde klein en saai en was niet praktisch in het gebruik. Zo lagen de aanwezige flagstones schots en scheef. Juist die flagstones geven nu sfeer aan de tuin in twee stapelmuren. Een gemetselde rand vangt het hoogteverschil met de nieuwe zitkuil op. Deze elementen zorgen samen [&hellip;]<\/p>\n","protected":false},"author":1,"featured_media":0,"parent":0,"menu_order":0,"comment_status":"closed","ping_status":"closed","template":"","meta":{"_regular_price":[],"currency_symbol":[],"advanced_seo_description":"","jetpack_seo_html_title":"","jetpack_seo_noindex":false,"footnotes":""},"class_list":["post-967","page","type-page","status-publish","hentry"],"post_slider_layout_featured_media_urls":{"thumbnail":"","post_slider_layout_landscape_large":"","post_slider_layout_portrait_large":"","post_slider_layout_square_large":"","post_slider_layout_landscape":"","post_slider_layout_portrait":"","post_slider_layout_square":"","full":""},"jetpack_sharing_enabled":true,"_links":{"self":[{"href":"https:\/\/www.coenraadtuinen.nl\/index.php\/wp-json\/wp\/v2\/pages\/967","targetHints":{"allow":["GET"]}}],"collection":[{"href":"https:\/\/www.coenraadtuinen.nl\/index.php\/wp-json\/wp\/v2\/pages"}],"about":[{"href":"https:\/\/www.coenraadtuinen.nl\/index.php\/wp-json\/wp\/v2\/types\/page"}],"author":[{"embeddable":true,"href":"https:\/\/www.coenraadtuinen.nl\/index.php\/wp-json\/wp\/v2\/users\/1"}],"replies":[{"embeddable":true,"href":"https:\/\/www.coenraadtuinen.nl\/index.php\/wp-json\/wp\/v2\/comments?post=967"}],"version-history":[{"count":8,"href":"https:\/\/www.coenraadtuinen.nl\/index.php\/wp-json\/wp\/v2\/pages\/967\/revisions"}],"predecessor-version":[{"id":1164,"href":"https:\/\/www.coenraadtuinen.nl\/index.php\/wp-json\/wp\/v2\/pages\/967\/revisions\/1164"}],"wp:attachment":[{"href":"https:\/\/www.coenraadtuinen.nl\/index.php\/wp-json\/wp\/v2\/media?parent=967"}],"curies":[{"name":"wp","href":"https:\/\/api.w.org\/{rel}","templated":true}]}}